at is 0 + 4aa49a?
4aa49a
In base 14, what is -6a8d5b0 + 3?
-6a8d5ab
In base 3, what is -1201210 - -120012112011?
120010210101
In base 13, what is 16b00 + 265?
17065
In base 8, what is 2 - -15532211?
15532213
In base 12, what is -531 + 1599?
1068
In base 10, what is -33 - -12642229?
12642196
In base 8, what is -24152067 + 115?
-24151752
In base 6, what is 2 + 100043102?
100043104
In base 13, what is 2b97a + -3922?
28058
In base 2, what is 101011100111011000110110 - 100?
101011100111011000110010
In base 10, what is 9 - 425673?
-425664
In base 14, what is -2a8 + 217187?
216cbd
In base 16, what is 49a1 - -c78?
5619
In base 6, what is -10012344411 + 2?
-10012344405
In base 14, what is -13 + -10b34a0?
-10b34b3
In base 9, what is -105628603 - 0?
-105628603
In base 3, what is 222201120101101 + -10?
222201120101021
In base 5, what is -1032412 + -32040?
-1120002
In base 14, what is -87 - -b9801?
b9758
In base 11, what is -411 - 223a?
-2650
In base 4, what is -30 + -1210213020311?
-1210213021001
In base 8, what is 5576 + -76041?
-70243
In base 4, what is -1 - 1300130100030?
-1300130100031
In base 12, what is 7942044 + -6?
794203a
In base 15, what is -66b6d0e - -4?
-66b6d0a
In base 10, what is -478 + 7250?
6772
In base 2, what is -1101000011011011000001 + 1101?
-1101000011011010110100
In base 7, what is 60026033 - -4?
60026040
In base 14, what is -2 + -d5dabd?
-d5dac1
In base 9, what is 28136140 - 0?
28136140
In base 6, what is 25100150244 + 2?
25100150250
In base 7, what is 3631 - 136150?
-132216
In base 15, what is 6ac199 - -4a?
6ac1e4
In base 8, what is -356373416 - -5?
-356373411
In base 14, what is 7d4 + 119a?
1990
In base 14, what is -129d - 5263?
-6522
In base 3, what is 1010 + 22221212220200?
22221212221210
In base 8, what is -215472 + -11424?
-227116
In base 2, what is -10111 + 1100100100011011010000010?
1100100100011011001101011
In base 11, what is 28 + 110762?
11078a
In base 16, what is -2f71 + eaa3?
bb32
In base 13, what is 204cc + 1623?
21b22
In base 14, what is -15 - a31a0?
-a31b5
In base 6, what is -3 + -43540510?
-43540513
In base 15, what is 5 - -ec82a3?
ec82a8
In base 15, what is 16 + -c32bb5?
-c32b9e
In base 8, what is -11071 + 153?
-10716
In base 8, what is 1 + 27423055?
27423056
In base 10, what is -20193598 + -16?
-20193614
In base 6, what is 130 - 14200440?
-14200310
In base 12, what is 4403 - 73a?
3885
In base 7, what is 105145260 + 6?
105145266
In base 8, what is 207260 - 167?
207071
In base 15, what is -b50c33d - -5?
-b50c338
In base 3, what is 112 - 2112021221121?
-2112021221002
In base 5, what is 222044 + -10043?
212001
In base 9, what is 0 + -6771086?
-6771086
In base 15, what is -9133 - -5?
-912d
In base 10, what is 1530 - 3539?
-2009
In base 9, what is 13 + 50658548?
50658562
In base 5, what is 2430423343114 + 1?
2430423343120
In base 8, what is 1023665734 - 4?
1023665730
In base 6, what is -21314515431 + 5?
-21314515422
In base 4, what is 3103223 + 12303?
3122132
In base 16, what is 4 + -12a364?
-12a360
In base 13, what is -6b059 - 12?
-6b06b
In base 9, what is 110 + 434833?
435043
In base 16, what is -10e13 + -171?
-10f84
In base 2, what is -1101010011111 + 11011000111000?
1101110011001
In base 12, what is -31938 + 5?
-31933
In base 16, what is -26 + -af88a6?
-af88cc
In base 13, what is -40921 - -724?
-401ca
In base 11, what is -92 - -7935a?
79278
In base 11, what is -14192 - 5480?
-19662
In base 16, what is 6d67 + -9df?
6388
In base 9, what is 11340557 - -82?
11340650
In base 9, what is 1123133 + 83?
1123226
In base 7, what is 136 + -2433456?
-2433320
In base 7, what is -24 + -16025155?
-16025212
In base 3, what is 112200211 - -20100?
112221011
In base 7, what is 10156153 - 0?
10156153
In base 12, what is -6263 + 1891?
-4592
In base 6, what is 143512035 + 23?
143512102
In base 2, what is 1100000011 - -11001101000101?
11011001001000
In base 6, what is 255555 + -324?
255231
In base 11, what is 90 + -25549?
-25469
In base 16, what is 27 - cbc25?
-cbbfe
In base 6, what is -104554 + -23234?
-132232
In base 7, what is 103413062 + -12?
103413050
In base 11, what is -9934896 - -2?
-9934894
In base 13, what is -12 - -1a393?
1a381
In base 8, what is 44 + 3374662?
3374726
In base 10, what is -23 + -4840119?
-4840142
In base 7, what is -304 - -2653125?
2652521
In base 15, what is -8ece7 + 9c?
-8ec4a
In base 4, what is -3 + 231031233030?
231031233021
In base 11, what is -193438a - 3a6?
-1934785
In base 13, what is -2762a460 + -5?
-2762a465
In base 5, what is 1343133 + -123?
1343010
In base 16, what is 6 - -314c36?
314c3c
In base 6, what is 140134154 - -11?
140134205
In base 13, what is -6 - -1794b?
17945
In base 2, what is 100 + 101011011110100010110?
101011011110100011010
In base 5, what is 1033442 + 44201?
1133143
In base 5, what is 1 - -1114132433?
1114132434
In base 2, what is -1101101110 + 1011000011110100111?
1011000010000111001
In base 14, what is -4 - 13518a0?
-13518a4
In base 2, what is 1110101010001111101100000 + -101?
1110101010001111101011011
In base 7, what is -4140432 - -205?
-4140224
In base 15, what is -7646e + -7e?
-764ed
In base 14, what is -478 + -8b49?
-91c3
In base 14, what is -1138799 + b?
-113878c
In base 9, what is 228103 - 132?
227861
In base 15, what is -4262ab + 2?
-4262a9
In base 5, what is -2344444122 - -102?
-2344444020
In base 11, what is 412 + -291a3?
-28891
In base 8, what is -2 - 204347227?
-204347231
In base 11, what is -28 - 8312206?
-8312233
In base 13, what is 62b2 - 9?
62a6
In base 4, what is -3222 - -100332030?
100322202
In base 5, what is -1211212313104 + 2?
-1211212313102
In base 9, what is 5477 + 56511?
63088
In base 14, what is -4 + 113c20a?
113c206
In base 8, what is 30156 + -356?
27600
In base 5, what is 4 + -203314112?
-203314103
In base 4, what is 1032002010 + 300?
1032002310
In base 9, what is 285446038 - 3?
285446035
In base 15, what is -8d1d + 6e2a?
-1de3
In base 13, what is 203812 - 2?
203810
In base 9, what is 436567388 - 0?
436567388
In base 9, what is -8 - 216327?
-216336
In base 13, what is -310b7c5 - 4?
-310b7c9
In base 5, what is -133 + -23440334?
-23441022
In base 11, what is 84a48 + -31?
84a17
In base 13, what is 2cc3003 - 5?
2cc2ccb
In base 10, what is 144 + -17726?
-17582
In base 10, what is -68234504 + 5?
-68234499
In base 6, what is 2 + -413310515?
-413310513
In base 11, what is -1752642a + 8?
-17526422
In base 11, what is -587841 - 9?
-58784a
In base 2, what is 0 - 10110011101110111000010?
-10110011101110111000010
In base 2, what is 10 - -11011000110001101100000000?
11011000110001101100000010
In base 6, what is 234214 + 15040?
253254
In base 11, what is -27a46 - 215?
-28160
In base 8, what is -6220 - -752?
-5246
In base 11, what is 0 - 420953?
-420953
In base 6, what is 23435135 - -4?
23435143
In base 4, what is 10112210312302 + 2?
10112210312310
In base 7, what is 161304 + -36640?
121334
In base 6, what is -113535 + 1350345?
1232410
In base 13, what is 5 + -11c1607?
-11c1602
In base 5, what is 1440303 + -3141?
1432112
In base 12, what is 48 + a0bb3?
a103b
In base 11, what is 178005 - -628?
178632
In base 9, what is -1 - -756235?
756234
In base 4, what is -31 - 1103030213?
-1103030310
In base 14, what is 38ca0 - -12?
38cb2
In base 8, what is 500 - -417?
1117
In base 14, what is 4db + 319d?
369a
In base 10, what is -8678 + -4247?
-12925
In base 15, what is -a852b3c3 + -1?
-a852b3c4
In base 4, what is 10 - -121230011?
121230021
In base 11, what is -329184a - -4?
-3291846
In base 9, what is -5 - 13235888?
-13236004
In base 14, what is 1b55 - 140cc?
-12377
In base 8, what is -5 + 35464423?
35464416
In base 6, what is -53 + 1105425153?
1105425100
In base 4, what is -30022 + -21032313?
-21123001
In base 15, what is 36 + 494e27?
494e5d
In base 12, what is 4 + -161770?
-161768
In base 16, what is 2 + 25a1a6?
25a1a8
In base 4, what is -33023 - 12112311?
-12212000
In base 11, what is 1888 - 1753?
135
In base 2, what is 11100100000 - 11010110111110?
-10111010011110
In base 7, what is -13 + -525354?
-525400
In base 16, what is -10 + 39d350?
39d340
In base 6, what is -335534 - -21401?
-314133
In base 5, what is 10114213 - 110?
10114103
In base 5, what is 13313 - -441?
14304
In base 9, what is 8 - -4814715?
4814724
In base 6, what is 0 + 14003505353?
14003505353
In base 3, what i